{"id":161,"date":"2018-12-04T08:30:19","date_gmt":"2018-12-04T07:30:19","guid":{"rendered":"http:\/\/wp11080979.server-he.de\/?page_id=161"},"modified":"2019-10-17T10:05:16","modified_gmt":"2019-10-17T08:05:16","slug":"das-sind-wir","status":"publish","type":"page","link":"https:\/\/12er.de\/?page_id=161","title":{"rendered":"das sind wir"},"content":{"rendered":"\t\t<div data-elementor-type=\"wp-post\" data-elementor-id=\"161\" class=\"elementor elementor-161\">\n\t\t\t\t\t\t<section class=\"elementor-section elementor-top-section elementor-element elementor-element-61280f65 elementor-section-boxed elementor-section-height-default elementor-section-height-default\" data-id=\"61280f65\" data-element_type=\"section\">\n\t\t\t\t\t\t<div class=\"elementor-container elementor-column-gap-default\">\n\t\t\t\t\t<div class=\"elementor-column elementor-col-100 elementor-top-column elementor-element elementor-element-6ad9704e\" data-id=\"6ad9704e\" data-element_type=\"column\">\n\t\t\t<div class=\"elementor-widget-wrap elementor-element-populated\">\n\t\t\t\t\t\t<div class=\"elementor-element elementor-element-cbe747f elementor-widget elementor-widget-heading\" data-id=\"cbe747f\" data-element_type=\"widget\" data-widget_type=\"heading.default\">\n\t\t\t\t<div class=\"elementor-widget-container\">\n\t\t\t\t\t<h2 class=\"elementor-heading-title elementor-size-default\">Wer Wir Sind ?...<\/h2>\t\t\t\t<\/div>\n\t\t\t\t<\/div>\n\t\t\t\t\t<\/div>\n\t\t<\/div>\n\t\t\t\t\t<\/div>\n\t\t<\/section>\n\t\t\t\t<section class=\"elementor-section elementor-top-section elementor-element elementor-element-b205267 elementor-section-height-min-height elementor-section-content-middle elementor-section-boxed elementor-section-height-default elementor-section-items-middle\" data-id=\"b205267\" data-element_type=\"section\">\n\t\t\t\t\t\t<div class=\"elementor-container elementor-column-gap-default\">\n\t\t\t\t\t<div class=\"elementor-column elementor-col-100 elementor-top-column elementor-element elementor-element-a00c81e\" data-id=\"a00c81e\" data-element_type=\"column\">\n\t\t\t<div class=\"elementor-widget-wrap elementor-element-populated\">\n\t\t\t\t\t\t<section class=\"elementor-section elementor-inner-section elementor-element elementor-element-e5a1c3d elementor-section-boxed elementor-section-height-default elementor-section-height-default\" data-id=\"e5a1c3d\" data-element_type=\"section\">\n\t\t\t\t\t\t<div class=\"elementor-container elementor-column-gap-default\">\n\t\t\t\t\t<div class=\"elementor-column elementor-col-66 elementor-inner-column elementor-element elementor-element-4910d02\" data-id=\"4910d02\" data-element_type=\"column\">\n\t\t\t<div class=\"elementor-widget-wrap elementor-element-populated\">\n\t\t\t\t\t\t<div class=\"elementor-element elementor-element-1dfd8e1 elementor-widget elementor-widget-text-editor\" data-id=\"1dfd8e1\" data-element_type=\"widget\" data-widget_type=\"text-editor.default\">\n\t\t\t\t<div class=\"elementor-widget-container\">\n\t\t\t\t\t\t\t\t\t<h3 style=\"text-align: center;\"><strong>na ja&#8230; wir sind\u00a0 eine etwas\u00a0 &#8222;andere\u00a0 Schreinerei&#8220;<\/strong><\/h3><p style=\"text-align: center;\">Angefangen hat alles ganz normal. Ich machte 1984 meine Schreinerlehre in Memmingen, danach Gesellenjahre in div. kleineren Firmen, schlie\u00dflich 1994 meine Meisterpr\u00fcfung in Ebern.\u00a0<\/p><p style=\"text-align: center;\">Den Wunsch mich selbst\u00e4ndig zu machen und meine Kreativit\u00e4t auszuleben hatte ich schon immer und 1995 ergab sich die Gelegenheit eine Schreinerei in Memmingerberg zu \u00fcbernehmen. Gemeinsam mit meiner Frau startete ich in das Abenteuer.\u00a0<\/p><p style=\"text-align: center;\">Erst alleine fertigte ich M\u00f6bel und Einrichtungen f\u00fcr private Kunden. Im Laufe der Zeit wuchsen wir zu einer Mittelst\u00e4ndigen Schreinerei mit modernsten Maschinenpark und mehreren Mitarbeitern die so wie ich die Liebe zum Handwerk kombiniert mit modernster Fertigungstechnik und Materialien verwirklichen wollen und k\u00f6nnen. Zwischenzeitlich fertigen wir Einrichtungen und Ausbauten\u00a0 f\u00fcr Privat, sowie f\u00fcr Architekten, Kommunen\u00a0 und der \u00f6ffentlichen Hand.\u00a0<\/p><p style=\"text-align: center;\">das Zitat von einem Schreiner<\/p><p style=\"text-align: center;\"><strong><em>&#8222;Ich hoffe das sich in meinen M\u00f6beln das Gl\u00fcck wiederspiegelt was ich in meiner Arbeit gefunden habe&#8220;<\/em><\/strong><\/p><p style=\"text-align: center;\">ist und bleibt meine Lebensweisheit.\u00a0<\/p><p style=\"text-align: center;\">Ich bin gl\u00fccklich mit meiner Arbeit und bekomme die Freude meiner Kundschaft \u00fcber Ihre Einrichtung zur\u00fcck.\u00a0<\/p>\t\t\t\t\t\t\t\t<\/div>\n\t\t\t\t<\/div>\n\t\t\t\t\t<\/div>\n\t\t<\/div>\n\t\t\t\t<div class=\"elementor-column elementor-col-33 elementor-inner-column elementor-element elementor-element-6d16998\" data-id=\"6d16998\" data-element_type=\"column\">\n\t\t\t<div class=\"elementor-widget-wrap elementor-element-populated\">\n\t\t\t\t\t\t<div class=\"elementor-element elementor-element-c5dfbdf elementor-widget elementor-widget-image\" data-id=\"c5dfbdf\" data-element_type=\"widget\" data-widget_type=\"image.default\">\n\t\t\t\t<div class=\"elementor-widget-container\">\n\t\t\t\t\t\t\t\t\t\t\t\t\t\t\t<img decoding=\"async\" src=\"https:\/\/12er.de\/wp-content\/uploads\/2019\/05\/IMG_8631.jpg-neu.jpg\" title=\"IMG_8631.jpg neu\" alt=\"34\" loading=\"lazy\" \/>\t\t\t\t\t\t\t\t\t\t\t\t\t\t\t<\/div>\n\t\t\t\t<\/div>\n\t\t\t\t\t<\/div>\n\t\t<\/div>\n\t\t\t\t\t<\/div>\n\t\t<\/section>\n\t\t\t\t<div class=\"elementor-element elementor-element-5c3b6eb elementor-widget elementor-widget-heading\" data-id=\"5c3b6eb\" data-element_type=\"widget\" data-widget_type=\"heading.default\">\n\t\t\t\t<div class=\"elementor-widget-container\">\n\t\t\t\t\t<h2 class=\"elementor-heading-title elementor-size-large\">Nun schauen Sie selbst... ob wir f\u00fcr Sie die richtige Schreinerei sind...<\/h2>\t\t\t\t<\/div>\n\t\t\t\t<\/div>\n\t\t\t\t\t<\/div>\n\t\t<\/div>\n\t\t\t\t\t<\/div>\n\t\t<\/section>\n\t\t\t\t<\/div>\n\t\t","protected":false},"excerpt":{"rendered":"<p>Wer Wir Sind ?&#8230; na ja&#8230; wir sind\u00a0 eine etwas\u00a0 &#8222;andere\u00a0 Schreinerei&#8220; Angefangen hat alles ganz normal. Ich machte 1984 meine Schreinerlehre in Memmingen, danach Gesellenjahre in div. kleineren Firmen, schlie\u00dflich 1994 meine Meisterpr\u00fcfung in Ebern.\u00a0 Den Wunsch mich selbst\u00e4ndig zu machen und meine Kreativit\u00e4t auszuleben hatte ich schon immer und 1995 ergab sich die [&hellip;]<\/p>\n","protected":false},"author":1,"featured_media":440,"parent":5,"menu_order":0,"comment_status":"closed","ping_status":"closed","template":"","meta":{"footnotes":""},"class_list":["post-161","page","type-page","status-publish","has-post-thumbnail","hentry"],"_links":{"self":[{"href":"https:\/\/12er.de\/index.php?rest_route=\/wp\/v2\/pages\/161","targetHints":{"allow":["GET"]}}],"collection":[{"href":"https:\/\/12er.de\/index.php?rest_route=\/wp\/v2\/pages"}],"about":[{"href":"https:\/\/12er.de\/index.php?rest_route=\/wp\/v2\/types\/page"}],"author":[{"embeddable":true,"href":"https:\/\/12er.de\/index.php?rest_route=\/wp\/v2\/users\/1"}],"replies":[{"embeddable":true,"href":"https:\/\/12er.de\/index.php?rest_route=%2Fwp%2Fv2%2Fcomments&post=161"}],"version-history":[{"count":21,"href":"https:\/\/12er.de\/index.php?rest_route=\/wp\/v2\/pages\/161\/revisions"}],"predecessor-version":[{"id":800,"href":"https:\/\/12er.de\/index.php?rest_route=\/wp\/v2\/pages\/161\/revisions\/800"}],"up":[{"embeddable":true,"href":"https:\/\/12er.de\/index.php?rest_route=\/wp\/v2\/pages\/5"}],"wp:featuredmedia":[{"embeddable":true,"href":"https:\/\/12er.de\/index.php?rest_route=\/wp\/v2\/media\/440"}],"wp:attachment":[{"href":"https:\/\/12er.de\/index.php?rest_route=%2Fwp%2Fv2%2Fmedia&parent=161"}],"curies":[{"name":"wp","href":"https:\/\/api.w.org\/{rel}","templated":true}]}}

<div data-elementor-type="wp-post" data-elementor-id="161" class="elementor elementor-161">
						<section class="elementor-section elementor-top-section elementor-element elementor-element-61280f65 elementor-section-boxed elementor-section-height-default elementor-section-height-default" data-id="61280f65" data-element_type="section">
						<div class="elementor-container elementor-column-gap-default">
					<div class="elementor-column elementor-col-100 elementor-top-column elementor-element elementor-element-6ad9704e" data-id="6ad9704e" data-element_type="column">
			<div class="elementor-widget-wrap elementor-element-populated">
						<div class="elementor-element elementor-element-cbe747f elementor-widget elementor-widget-heading" data-id="cbe747f" data-element_type="widget" data-widget_type="heading.default">
				<div class="elementor-widget-container">
					<h2 class="elementor-heading-title elementor-size-default">Wer Wir Sind ?...</h2>				</div>
				</div>
					</div>
		</div>
					</div>
		</section>
				<section class="elementor-section elementor-top-section elementor-element elementor-element-b205267 elementor-section-height-min-height elementor-section-content-middle elementor-section-boxed elementor-section-height-default elementor-section-items-middle" data-id="b205267" data-element_type="section">
						<div class="elementor-container elementor-column-gap-default">
					<div class="elementor-column elementor-col-100 elementor-top-column elementor-element elementor-element-a00c81e" data-id="a00c81e" data-element_type="column">
			<div class="elementor-widget-wrap elementor-element-populated">
						<section class="elementor-section elementor-inner-section elementor-element elementor-element-e5a1c3d elementor-section-boxed elementor-section-height-default elementor-section-height-default" data-id="e5a1c3d" data-element_type="section">
						<div class="elementor-container elementor-column-gap-default">
					<div class="elementor-column elementor-col-66 elementor-inner-column elementor-element elementor-element-4910d02" data-id="4910d02" data-element_type="column">
			<div class="elementor-widget-wrap elementor-element-populated">
						<div class="elementor-element elementor-element-1dfd8e1 elementor-widget elementor-widget-text-editor" data-id="1dfd8e1" data-element_type="widget" data-widget_type="text-editor.default">
				<div class="elementor-widget-container">
									<h3 style="text-align: center;"><strong>na ja&#8230; wir sind  eine etwas  &#8222;andere  Schreinerei&#8220;</strong></h3><p style="text-align: center;">Angefangen hat alles ganz normal. Ich machte 1984 meine Schreinerlehre in Memmingen, danach Gesellenjahre in div. kleineren Firmen, schließlich 1994 meine Meisterprüfung in Ebern. </p><p style="text-align: center;">Den Wunsch mich selbständig zu machen und meine Kreativität auszuleben hatte ich schon immer und 1995 ergab sich die Gelegenheit eine Schreinerei in Memmingerberg zu übernehmen. Gemeinsam mit meiner Frau startete ich in das Abenteuer. </p><p style="text-align: center;">Erst alleine fertigte ich Möbel und Einrichtungen für private Kunden. Im Laufe der Zeit wuchsen wir zu einer Mittelständigen Schreinerei mit modernsten Maschinenpark und mehreren Mitarbeitern die so wie ich die Liebe zum Handwerk kombiniert mit modernster Fertigungstechnik und Materialien verwirklichen wollen und können. Zwischenzeitlich fertigen wir Einrichtungen und Ausbauten  für Privat, sowie für Architekten, Kommunen  und der öffentlichen Hand. </p><p style="text-align: center;">das Zitat von einem Schreiner</p><p style="text-align: center;"><strong><em>&#8222;Ich hoffe das sich in meinen Möbeln das Glück wiederspiegelt was ich in meiner Arbeit gefunden habe&#8220;</em></strong></p><p style="text-align: center;">ist und bleibt meine Lebensweisheit. </p><p style="text-align: center;">Ich bin glücklich mit meiner Arbeit und bekomme die Freude meiner Kundschaft über Ihre Einrichtung zurück. </p>								</div>
				</div>
					</div>
		</div>
				<div class="elementor-column elementor-col-33 elementor-inner-column elementor-element elementor-element-6d16998" data-id="6d16998" data-element_type="column">
			<div class="elementor-widget-wrap elementor-element-populated">
						<div class="elementor-element elementor-element-c5dfbdf elementor-widget elementor-widget-image" data-id="c5dfbdf" data-element_type="widget" data-widget_type="image.default">
				<div class="elementor-widget-container">
															<img decoding="async" src="https://12er.de/wp-content/uploads/2019/05/IMG_8631.jpg-neu.jpg" title="IMG_8631.jpg neu" alt="34" loading="lazy" />															</div>
				</div>
					</div>
		</div>
					</div>
		</section>
				<div class="elementor-element elementor-element-5c3b6eb elementor-widget elementor-widget-heading" data-id="5c3b6eb" data-element_type="widget" data-widget_type="heading.default">
				<div class="elementor-widget-container">
					<h2 class="elementor-heading-title elementor-size-large">Nun schauen Sie selbst... ob wir für Sie die richtige Schreinerei sind...</h2>				</div>
				</div>
					</div>
		</div>
					</div>
		</section>
				</div>

<p>Wer Wir Sind ?&#8230; na ja&#8230; wir sind  eine etwas  &#8222;andere  Schreinerei&#8220; Angefangen hat alles ganz normal. Ich machte 1984 meine Schreinerlehre in Memmingen, danach Gesellenjahre in div. kleineren Firmen, schließlich 1994 meine Meisterprüfung in Ebern.  Den Wunsch mich selbständig zu machen und meine Kreativität auszuleben hatte ich schon immer und 1995 ergab sich die [&hellip;]</p>
